visor of 166 and 166?
166
Calculate the highest common divisor of 264 and 60.
12
Calculate the highest common factor of 29 and 145.
29
What is the highest common factor of 3996 and 2368?
148
Calculate the greatest common divisor of 18 and 18.
18
Calculate the highest common factor of 23 and 368.
23
What is the greatest common divisor of 102 and 1156?
34
What is the highest common factor of 76 and 19076?
76
Calculate the highest common divisor of 62 and 217.
31
What is the greatest common divisor of 341 and 31?
31
Calculate the highest common divisor of 132 and 48.
12
What is the highest common divisor of 108 and 1647?
27
Calculate the greatest common divisor of 24 and 1308.
12
What is the highest common factor of 16 and 944?
16
Calculate the greatest common divisor of 96 and 2376.
24
What is the highest common divisor of 30 and 3345?
15
Calculate the highest common factor of 1022 and 52633.
511
What is the greatest common factor of 2001 and 1479?
87
What is the greatest common factor of 158 and 2?
2
Calculate the highest common factor of 145 and 35.
5
What is the highest common divisor of 238 and 306?
34
Calculate the highest common divisor of 372 and 12.
12
Calculate the greatest common divisor of 69 and 17756.
23
What is the highest common factor of 156 and 132?
12
Calculate the greatest common factor of 630 and 110.
10
Calculate the highest common divisor of 12 and 102.
6
Calculate the greatest common divisor of 32 and 1016.
8
Calculate the highest common factor of 261 and 18.
9
What is the greatest common factor of 60 and 140?
20
Calculate the highest common factor of 390 and 5.
5
Calculate the highest common divisor of 184 and 4370.
46
What is the highest common divisor of 110 and 605?
55
Calculate the greatest common divisor of 430 and 774.
86
Calculate the greatest common factor of 16 and 392.
8
What is the greatest common divisor of 72 and 10530?
18
What is the highest common factor of 33 and 51997?
11
Calculate the greatest common factor of 42 and 189.
21
What is the greatest common factor of 304 and 128?
16
Calculate the greatest common divisor of 198 and 9306.
198
What is the greatest common factor of 12 and 88?
4
What is the greatest common factor of 112 and 63?
7
What is the highest common factor of 3176 and 16?
8
What is the greatest common divisor of 432 and 459?
27
Calculate the highest common factor of 152 and 38.
38
Calculate the greatest common factor of 6168 and 56.
8
Calculate the greatest common divisor of 261 and 9.
9
What is the highest common factor of 468 and 117?
117
Calculate the greatest common divisor of 75 and 12675.
75
Calculate the greatest common factor of 464 and 112.
16
Calculate the highest common divisor of 99 and 5841.
99
What is the highest common factor of 638 and 145?
29
What is the highest common divisor of 8 and 94?
2
Calculate the greatest common factor of 25286 and 94.
94
What is the highest common divisor of 22 and 539?
11
What is the greatest common factor of 3870 and 90?
90
What is the greatest common divisor of 5336 and 23?
23
Calculate the highest common divisor of 52 and 273.
13
What is the greatest common divisor of 327 and 109?
109
What is the greatest common factor of 26 and 3263?
13
Calculate the greatest common factor of 13423 and 31.
31
Calculate the highest common factor of 54 and 6804.
54
What is the highest common factor of 810 and 10?
10
What is the greatest common factor of 5649 and 651?
21
Calculate the greatest common divisor of 882 and 72.
18
What is the highest common factor of 13 and 1469?
13
What is the highest common factor of 99 and 1521?
9
Calculate the highest common divisor of 2196 and 6.
6
Calculate the greatest common factor of 63 and 747.
9
What is the highest common divisor of 6 and 1005?
3
What is the greatest common factor of 28 and 8?
4
Calculate the greatest common factor of 253 and 33.
11
What is the greatest common divisor of 1 and 89?
1
Calculate the highest common factor of 44 and 49346.
22
What is the highest common divisor of 110 and 5038?
22
Calculate the highest common divisor of 553 and 711.
79
Calculate the highest common divisor of 109 and 2616.
109
Calculate the highest common divisor of 85 and 5.
5
Calculate the highest common factor of 592 and 259.
37
What is the highest common factor of 108 and 189?
27
What is the highest common factor of 24 and 3732?
12
What is the greatest common factor of 429 and 24167?
143
What is the highest common divisor of 51 and 22083?
51
Calculate the greatest common divisor of 28 and 126.
14
Calculate the greatest common factor of 343 and 1568.
49
Calculate the greatest common factor of 175 and 7.
7
Calculate the greatest common divisor of 63 and 3521.
7
Calculate the highest common factor of 1469 and 39.
13
Calculate the greatest common divisor of 15 and 252.
3
What is the highest common divisor of 188 and 1269?
47
Calculate the highest common factor of 374 and 66.
22
What is the greatest common divisor of 72 and 18?
18
Calculate the highest common divisor of 138 and 621.
69
What is the highest common factor of 84 and 742?
14
Calculate the highest common factor of 23 and 391.
23
Calculate the greatest common factor of 2491 and 53.
53
What is the greatest common divisor of 92 and 368?
92
Calculate the highest common factor of 1200 and 675.
75
What is the highest common factor of 43 and 5246?
43
Calculate the greatest common divisor of 320 and 4672.
64
What is the highest common divisor of 279 and 9?
9
Calculate the highest common factor of 36 and 495.
9
What is the greatest common divisor of 1737 and 9?
9
Calculate the highest common divisor of 400 and 450.
50
Calculate the highest common factor of 104 and 19864.
104
What is the highest common factor of 1440 and 90?
90
Calculate the greatest common divisor of 72 and 1152.
72
Calculate the greatest common divisor of 689 and 169.
13
What is the greatest common divisor of 90 and 6975?
45
Calculate the highest common divisor of 117 and 441.
9
What is the greatest common divisor of 175 and 21?
7
Calculate the highest common factor of 145 and 40455.
145
What is the highest common divisor of 138 and 552?
138
What is the greatest common factor of 32 and 740?
4
What is the greatest common factor of 413 and 59?
59
Calculate the greatest common divisor of 703 and 95.
19
What is the greatest common divisor of 24 and 24?
24
What is the greatest common divisor of 910 and 798?
14
What is the highest common divisor of 4842 and 144?
18
Calculate the greatest common divisor of 1340 and 360.
20
What is the highest common factor of 16 and 1760?
16
Calculate the highest common factor of 380 and 200.
20
What is the greatest common factor of 666 and 306?
18
What is the greatest common factor of 350 and 925?
25
What is the greatest common factor of 172 and 12126?
86
What is the highest common divisor of 50 and 22?
2
Calculate the greatest common divisor of 1391 and 247.
13
Calculate the highest common divisor of 123 and 615.
123
Calculate the greatest common factor of 476 and 1442.
14
What is the greatest common divisor of 153 and 17?
17
What is the highest common divisor of 66 and 759?
33
Calculate the highest common factor of 115 and 45.
5
Calculate the highest common divisor of 6923 and 161.
161
Calculate the greatest common divisor of 72 and 4980.
12
Calculate the greatest common factor of 1313 and 808.
101
Calculate the greatest common divisor of 40 and 90.
10
What is the greatest common factor of 415 and 5?
5
Calculate the greatest common divisor of 692 and 4.
4
What is the highest common divisor of 5 and 557?
1
What is the greatest common divisor of 72 and 45?
9
What is the highest common factor of 4 and 4?
4
What is the highest common factor of 19594 and 202?
202
Calculate the highest common factor of 528 and 4464.
48
What is the greatest common divisor of 81 and 87?
3
Calculate the greatest common divisor of 1296 and 1134.
162
Calculate the highest common factor of 72384 and 48.
48
What is the highest common factor of 42 and 7329?
21
Calculate the highest common factor of 6 and 174.
6
What is the greatest common factor of 3942 and 36?
18
What is the highest common factor of 5687 and 242?
121
Calculate the highest common factor of 696 and 16.
8
What is the highest common factor of 